n 21 is divided by x(7)?
1
Suppose -5*a - 3*s = -90, -6 = -2*a - 3*s + 39. What is the remainder when 65 is divided by a?
5
What is the remainder when 159 is divided by (-2)/8*-1 - (-254)/8?
31
Suppose m = 2*m - 5. Let j(t) = 2*t**2 + 2*t + 1. Let i be j(-2). Suppose -p + i*b + 16 = 2*p, 5*p = -m*b. What is the remainder when 4 is divided by p?
0
Let y = -90 + 158. Suppose 16 = -o + y. What is the remainder when o is divided by (-45)/(-1)*(-3)/(-45)*6?
16
Let o be 2/(-3) + 88/6. Suppose -4*n = t - 14, -4*t + t = -2*n - o. Calculate the remainder when t is divided by 4.
2
Suppose 4*o - 54 - 50 = 0. Let i = 2 + o. Calculate the remainder when i is divided by 10.
8
Suppose -o + 5*h + 9 = 0, 99 - 26 = 5*o + 3*h. What is the remainder when 40 is divided by o?
12
Let w = -8 - -11. Suppose 3*s = 3*a + 48, 4*a - 78 = -w*s + a. What is the remainder when 60 is divided by s?
18
Suppose 2*n = 5*q - 85, 2*q - 101 = -2*q - 5*n. What is the remainder when 54 is divided by q?
16
Let i(h) = 2*h**3 + 5*h**2 - h + 2. Let k(x) = 3*x**3 + 8*x**2 - 2*x + 3. Let j(f) = 7*i(f) - 5*k(f). What is the remainder when 33 is divided by j(-6)?
16
Let j(s) = 3*s**2 + 2*s + 6. Let p(n) = 7*n**2 + 3*n + 13. Let v(u) = 9*j(u) - 4*p(u). Calculate the remainder when (-2)/((-6)/(-4) + -2) is divided by v(6).
0
Let m(r) = -r**3 + r**2 + r - 1. Let i = -1 - -2. Let a be m(i). Suppose a = -o + 2*o - 13. What is the remainder when 37 is divided by o?
11
Suppose 37 = 4*p - 159. What is the remainder when p is divided by 25?
24
Calculate the remainder when (-2850)/(-45)*(-2 - (-21)/6) is divided by 24.
23
Let f(d) be the third derivative of 19*d**4/24 - d**2. What is the remainder when f(1) is divided by 7?
5
Let d(k) = 7*k + 6. What is the remainder when 191 is divided by d(6)?
47
Let r(o) = -o + 3. Let p be r(3). Suppose p = 3*n + l - 12, -4*l + 11 = 2*n - 7. Suppose -n*d = -d - 94. What is the remainder when d is divided by 16?
15
Let w be 1432/36 + 2/9. Suppose -4*d = d - w. Let h = 45 + -23. Calculate the remainder when h is divided by d.
6
Suppose -78*s = -60*s - 396. Calculate the remainder when (41*(1 - 2))/(-1) is divided by s.
19
Suppose 0 = -5*d - 4*b + 3*b + 382, 0 = 2*d + 2*b - 156. Let u(c) = 3*c**2 + c - 4. Calculate the remainder when d is divided by u(3).
24
Let f = 119 + -82. Calculate the remainder when f is divided by 10.
7
Let b be 32/3*15/10. Suppose 788 = 5*t - 4*s, -t + s = -141 - b. Suppose 5*a - 3*z - t = 0, 12 - 44 = -a + 3*z. What is the remainder when a is divided by 11?
10
Let x be (-2*1)/(4/(-6)). Suppose -i + 10 = -x. Calculate the remainder when 23 is divided by i.
10
Let z(u) = -16*u**3 + 2*u**2 + 2*u + 1. Calculate the remainder when 24 is divided by z(-1).
7
Let d(n) = 2*n**2. Suppose -5*u + q = -3*q - 20, 5*u + 2*q + 10 = 0. Let x be (u - 1)/(2 - 3). What is the remainder when 5 is divided by d(x)?
1
Let x(u) = 7*u**2 + 2*u. Let l = -6 - -8. Calculate the remainder when x(l) is divided by 17.
15
Suppose -5*p + 15 = 0, -16 = -2*j - 4*p + 4. Suppose -j*x + x = -30. Suppose -3*h = f - x - 6, -5*h + 5 = 0. What is the remainder when 38 is divided by f?
12
Suppose 5*u - y + 2*y - 41 = 0, 14 = 2*u - 2*y. Let i(p) = 3*p**2 - 3*p + 3. Let d be i(2). Suppose d = 2*f - 19. What is the remainder when f is divided by u?
6
Let g be (-1 - -193)/(-3) + 2. Suppose 3*h = 27 - 3. Calculate the remainder when 12 is divided by (-6)/8 - g/h.
5
Let l = 8 + -7. Calculate the remainder when (4/6)/(l/24) is divided by 9.
7
Let r(m) = 6*m - 5. Let s be (2 - (-3)/(-6))*-2. Let p(i) = 17*i - 14. Let z(g) = s*p(g) + 8*r(g). Calculate the remainder when z(-6) is divided by 7.
6
Suppose 3*r = -r + 120. Suppose t + 3*t - 2*a - r = 0, a = 5. Calculate the remainder when t is divided by 4.
2
Suppose 80 = -26*l + 366. Calculate the remainder when 54 is divided by l.
10
Let s = -101 + 142. Suppose 0 = 31*l - 50*l + 266. Calculate the remainder when s is divided by l.
13
Let d(z) be the first derivative of 11/2*z**2 + 1 + 0*z - 1/3*z**3. Calculate the remainder when d(7) is divided by 15.
13
Suppose -5*x - 24 + 9 = -5*h, h - 2*x = 2. Let w = h + -2. Let f = 6 + -4. What is the remainder when f is divided by w?
0
Let y = 9 + -6. Let l(i) = 4*i - 1 - y*i - 2*i + 2*i. What is the remainder when 41 is divided by l(12)?
8
Let y = -11 - -13. Calculate the remainder when 8 is divided by y.
0
Suppose 4*j - 34 = 3*j. Calculate the remainder when j is divided by 18.
16
Let g be (-2)/4 - (-41)/2. Suppose -g = -k - 0. What is the remainder when k is divided by 11?
9
Let f(p) = -p**3 - 5*p**2 + 3. Let a be f(-5). Calculate the remainder when 55 is divided by 4*a/((-24)/(-38)).
17
Suppose -2*k + 60 = -2*n, -4*n - 153 = -k - 4*k. What is the remainder when k is divided by 12?
9
Let m = 32 + -19. Calculate the remainder when 24 is divided by m.
11
What is the remainder when 3 - (3 - 1 - 57) is divided by 15?
13
Let n = 23 - 14. Let h(t) = t**3 + 4*t**2 - 5. Let j be h(-4). Calculate the remainder when n is divided by j/(2 + 1 + -4).
4
Let a be (1 - 3)*(-2)/4. Let n(w) = 4*w**2 - 1. Suppose -2*x + 4*x = 8. What is the remainder when x is divided by n(a)?
1
Let h = 8 - 11. Calculate the remainder when 42 is divided by h*2/(-4)*10.
12
Let n = 79 + -46. Calculate the remainder when n is divided by 5.
3
Suppose -8*f = -3*f - 130. Calculate the remainder when 50 is divided by f.
24
Suppose -4*g = y + 4*y - 108, 2*y = -3*g + 88. Suppose 51 = 7*a - 4*a. What is the remainder when g is divided by a?
15
Suppose c - 8 = 2*c - 5*d, 0 = 2*c + 3*d - 23. Calculate the remainder when 12 is divided by c.
5
Let h(x) = -4*x + 51. Calculate the remainder when h(0) is divided by 14.
9
Let x(d) = d - 9. Let n(t) = t + 2. Calculate the remainder when n(3) is divided by x(12).
2
Let k(z) = -z**3 - 5*z**2 - 4*z + 2. Let l be k(-4). Suppose 4*x = -a + x + 26, l*a + x - 37 = 0. What is the remainder when 33 is divided by a?
16
Let d(b) = 2*b - 2. Let q(o) = -o + 4. Let u be q(8). Let m be d(u). Calculate the remainder when 792/20 - (-6)/m is divided by 20.
19
Suppose 3*c = -35 + 80. Calculate the remainder when c is divided by 5.
0
Let w = -13 - -26. What is the remainder when w is divided by 4?
1
Let r(n) = -n + 7. Let f be r(5). Suppose -5*c = v - 18, -f*v + 4*c = 2*v. Calculate the remainder when (-5 + -1)*4/(-3) is divided by v.
2
Let m = 47 + -38. Let r = 59 + -33. What is the remainder when r is divided by m?
8
Let r = 9 + -4. Suppose 3*s - 108 = -r*p, -3*p = -s - 0*p + 22. What is the remainder when s is divided by 8?
7
Suppose 3*j - 32 = -d, 5*j + 140 = 6*d - d. What is the remainder when d is divided by 8?
5
Suppose 25 = -5*q, 0 = -o - q - 0 + 2. What is the remainder when 25 is divided by o?
4
Let a be 9/3 + 8 - 3. Suppose 0 = o - 4*m + 1 + a, -3*o = -3*m. What is the remainder when 8 is divided by o?
2
Let w(y) = 14*y**2 - y - 6. Calculate the remainder when w(3) is divided by 30.
27
Suppose 4*t - 5*w - 111 = 0, w + w = 5*t - 126. What is the remainder when 45 is divided by t?
21
Suppose 3*x + 105 = -5*l + 6*x, 5*l + 95 = 5*x. Let r = l + 40. What is the remainder when 31 is divided by r?
15
Suppose 34 = a + 3. Calculate the remainder when a is divided by 8.
7
Suppose 0 = 2*d - 5*g - 19, 2*g - 19 = -5*d + 5*g. Suppose -38 = -4*k + d*k. Let x(l) = 3*l**2 + 3*l - 5. What is the remainder when x(-5) is divided by k?
17
Suppose d - 4*o = 20, 4*d - 2*o + 4*o = 134. What is the remainder when d is divided by 11?
10
Suppose -y = -3*t - 22, -t = 3*y + t - 11. Calculate the remainder when y is divided by 5.
2
Let d be 1/(-1 + (-6)/(-4)). Suppose 0 = -d*i - i - 18. Let v = i - -10. Calculate the remainder when v is divided by 3.
1
Let w(p) = -p**2 + 13. What is the remainder when 34 is divided by w(0)?
8
Let d = 20 - 11. What is the remainder when (d/(-6))/(3/(-28)) is divided by 8?
6
Let l = 1 + 1. Suppose 0 = -12*o + 5 + 7. What is the remainder when l is divided by o?
0
Calculate the remainder when 27 + 92 + (0/(-1) - 0) is divided by 10.
9
Let c be (-2)/3 + 96/9. Suppose -2*a + 6 = a, -3*j = a + c. Calculate the remainder when (-3 - j)*(46 + -1) is divided by 12.
9
Let b(d) = -8*d - 18. What is the remainder when b(-11) is divided by (-4)/10 + 122/5?
22
Let n(q) = -2*q + 5. What is the remainder when n(2) is divided b